he units digit of i?
9
Suppose -2*l + 392 = -2*j, 3*l + 181 = 4*l - 4*j. What is the units digit of l?
1
Suppose z - 15*m + 12*m - 925 = 0, 4*m = 4*z - 3716. What is the hundreds digit of z?
9
Let t be -3*((-145)/3 + -2). Let y = 270 - t. What is the hundreds digit of y?
1
Suppose 7*j = 8*j + 188. Let v = -131 - j. What is the tens digit of v?
5
Let s = -1 - -5. Suppose 0*w - s*w = 176. What is the units digit of (-564)/w + 6/33?
3
Let u be 2/(1 + 57/(-51)). Let w = -15 - u. What is the units digit of (-2)/(2/(-10)*w)?
5
Let w(j) = 2*j**2 + 59*j - 39. What is the hundreds digit of w(-33)?
1
Suppose -4*i = 16, -5*i + 2046 = -5*d + 17881. What is the tens digit of d?
6
Suppose 3*f + 5*b + 48 + 62 = 0, -2*b = 3*f + 125. Let z be 3/4 + f/12. What is the units digit of (-20)/(-5) - z/3?
5
Let p = 1590 - -1125. What is the units digit of p?
5
Let x(d) = d**3 - 4*d**2 + 2. Let o be x(4). Suppose 32 = 3*k + o*j, 2*k + j - 20 = -j. What is the tens digit of k?
1
Let m(a) = -256*a**3 - 4*a**2 + 2*a + 9. Let d be m(-2). Suppose -8*t + d - 613 = 0. What is the units digit of t?
8
Let n(f) = 25*f**2 + 8*f - 25. What is the hundreds digit of n(3)?
2
Let z(c) = 2*c**3 - 6*c**2 - 6*c + 43. Let r be (-820)/246*(-9)/(-10)*-2. What is the tens digit of z(r)?
2
Let b = 7394 + -5184. What is the tens digit of b?
1
Suppose -166102 = -127*u + 323102. What is the hundreds digit of u?
8
Let v(k) = -2*k + 3. Let i be v(4). Suppose h + 0 = -2. What is the tens digit of 29 + 5/(i/h)?
3
Let q(m) = 29*m**2 - 2*m + 2. Let o be q(1). Suppose a = -o + 147. What is the hundreds digit of a?
1
Suppose c - 9 = -i, 2*i - 7 = -c + 6. Let b(y) = 18*y + 26. What is the units digit of b(c)?
6
Suppose 0 = -4*t + 2*t + 4*i + 20, 4*t - 4*i = 24. Suppose -5*w - y = -706, -t*y + 143 = w - 0*y. What is the units digit of w?
1
Let o(k) = k + 221. What is the hundreds digit of o(-23)?
1
Suppose -1 = -3*t + 8. Suppose 0 = -g - 0*g + t. Suppose 4*p - g*p = 4*k + 13, -4*p + 72 = 4*k. What is the tens digit of p?
1
Let v = 2 + -1. Let w(g) = 29*g - 1. Let i(a) = -58*a + 2. Let u(y) = 4*i(y) + 9*w(y). What is the units digit of u(v)?
8
Suppose 34110 = 6*w + 9114. What is the thousands digit of w?
4
Let u = -1569 + 2442. What is the units digit of u?
3
Suppose -5*d + 3*n + 652 = 0, 3*n + 763 = 4*d + 242. Let h = -60 + d. What is the tens digit of h?
7
Let s = -117 + 311. What is the tens digit of s?
9
Suppose 0 = 36*a - 35*a - 43. Suppose 167 = j + a. What is the tens digit of j?
2
Let j be (-45)/(-6)*(-8)/(-12). Suppose -2*y + 163 = j*m, 4*m - 63 = -y + 11. What is the tens digit of y?
9
Let t be (-3 + (0 - -4))*1*-4. Let o(f) = -6*f - 20. What is the units digit of o(t)?
4
What is the hundreds digit of ((-6)/5)/(24/(-25240))?
2
Suppose 6*c - 220 = 2*c. Suppose -325 = -4*x + 5*i, -x - 2*i - 2*i + c = 0. Suppose 8*n - 3*n - x = 0. What is the units digit of n?
5
Let n be (112/(-35))/(4/(-10)). Let m be n/(-20) + 32/5. What is the units digit of (-3)/9 + 134/m?
2
Suppose -2*f = -3*o - 38, 65 = 5*f + 4*o - 7. Let r be 12/f*4 - -46. Let g = r - 31. What is the tens digit of g?
1
Let r = 99 + -178. Let d = -35 - r. What is the tens digit of d?
4
Let t be (-8)/6*1/((-6)/(-63)). Let d(g) = 2*g**2 + 13*g - 4. What is the hundreds digit of d(t)?
2
Suppose -2*w + 4 + 1 = -5*m, 0 = -3*w - 2*m - 21. Let h(z) = z**3 - z**2 - 5*z + 8. Let f be h(2). What is the tens digit of f/w*(-70)/2?
1
Suppose -5*c + 2725 = -195. What is the units digit of c?
4
Let c(p) = 34*p**3 + p**2 - p. Let v(a) = -a**3 + 4*a**2 - a + 5. Suppose -4*w = -8 - 0, q - 4*w + 4 = 0. Let s be v(q). What is the tens digit of c(s)?
3
Suppose -6*h = 16 - 40. Suppose h*l - 272 = -4*d, 8*d - 282 = 4*d + l. What is the tens digit of d?
7
Let f(y) = y**3 - 19*y**2 - 26*y - 47. What is the hundreds digit of f(22)?
8
Let l(s) = -18*s - 5. Let m be l(5). What is the tens digit of 5/((-195)/m + -2)?
9
Let q(m) = m**3 - 5*m**2 - 12*m - 10. Let b be q(7). Suppose -s + 5*h = -101, -3*s + b*h + 296 = 4. What is the tens digit of s?
9
Suppose -4*a = 0, -2*v + 4*a = -0*v - 166. What is the tens digit of v?
8
Let g = -1 - 2. Suppose -7*z + 8*z = 2*y, 3*z - 8 = -2*y. What is the units digit of (-2 - g)/(z/28)?
4
Let h be (25/2 - 5) + (-2)/4. Suppose h*v + 3*v - 1760 = 0. What is the hundreds digit of v?
1
Let q(d) = d**2 + 4*d + 34. What is the units digit of q(15)?
9
Suppose y - 5*y - 124 = 0. Let h = 28 + y. What is the units digit of h/(-9) + 155/3?
2
What is the tens digit of ((-8)/(-16))/((6/(-292))/(-3))?
7
Let h(x) = 109 - x**2 - 18 - x - 17. What is the units digit of h(0)?
4
Let n(m) = m**3 + 5*m**2 - m + 5. Let k be n(-5). Let x = 15 - k. Suppose 7*p = 4*z + 2*p - 9, 0 = -x*z + 5*p + 15. What is the units digit of z?
6
Suppose 2*d = 4*g + 82, -3*g = -3*d + 5*d - 117. Let b = -70 + 181. Let v = b - d. What is the tens digit of v?
6
Let b = 5341 - 2329. What is the thousands digit of b?
3
Let z be (8/(-24) + 29/6)*2. Let v(k) = 1 - k**2 - k + 13*k - k. What is the units digit of v(z)?
9
Suppose 36 = 13*g - g. Suppose g*z + 2*z + 4*m = 855, -3*z + 521 = 4*m. What is the hundreds digit of z?
1
Let i(a) = 24*a**2 + 27. What is the tens digit of i(-5)?
2
Let w(h) be the first derivative of 14*h**3/3 + 3*h**2/2 + 6*h - 10. What is the tens digit of w(-2)?
5
Let w(s) = 14*s**3 - 14*s**2 + 7*s. What is the hundreds digit of w(7)?
1
Suppose 0*k = -9*k + 3069. What is the tens digit of k?
4
Let x = 1361 + -731. What is the units digit of x?
0
Let l = -729 - -2097. What is the units digit of l?
8
Suppose j - 18 = -2*j. Suppose j*s - 146 = 4*s. What is the units digit of s?
3
Suppose 0 = -3*j + 5*g + 1008, -3*j - 123 + 1131 = g. What is the hundreds digit of j?
3
Let t be ((-8)/(-12))/((-4)/(-6)). Let c(z) = 0*z**3 + 6 - 10*z + 8*z**2 - t + z**3 + 0. What is the tens digit of c(-9)?
1
Let u = -381 + 921. What is the tens digit of u?
4
Let n = -14 + 5. Let l = n - -19. What is the units digit of (2 - (-5)/2)*l?
5
Let m be (-3)/2*(-9 - -7). Let a be (m + 1)*1/2. Suppose -208 = -5*l - u + a*u, -l + 32 = 3*u. What is the units digit of l?
1
Suppose -3*a - 22 = -67. Suppose -2*c - 4*g + 2 = 0, 0*g + 5*g = a. What is the tens digit of 25*(-2 - 14/c)?
2
Let k = 259 + -128. Suppose 8*f - 365 - k = 0. What is the units digit of f?
2
Suppose o - 84 = -2*o. What is the units digit of o/10*(16 + 4)?
6
Let p = 1180 - 516. What is the units digit of p?
4
Let y(q) = -q + 9. Let v(u) = u - 10. Let b(c) = 6*v(c) + 5*y(c). Let j be b(16). Suppose -j = -2*f + 37. What is the units digit of f?
9
What is the units digit of 17/(-17) + 3*141?
2
Suppose -638 - 113 = -i + 5*p, 3*i = -2*p + 2321. What is the units digit of i?
1
Let v = 20 - 10. Let u = 14 - v. Suppose d + 0*d - u = 0. What is the units digit of d?
4
Let o be -2 - (1 - 4 - 1). Let k = -44 + 42. What is the units digit of k + o - 1/(-1)?
1
Let a(r) = -21*r + 13. Suppose -72 + 64 = 2*g. What is the tens digit of a(g)?
9
Suppose 5*z + 5*c = 980, -206 = -4*z + 3*z - 3*c. What is the units digit of z?
1
What is the units digit of (-23)/(207/(-2958)) - (-4)/(-6)?
8
Let b(v) be the second derivative of 11*v**4/6 - v**3/2 - 12*v. What is the units digit of b(-1)?
5
Let b(u) = -u**2 + 34*u - 12. Let m = -32 - -60. What is the hundreds digit of b(m)?
1
Let x(h) = -h**3 + 3*h**2 + 2*h + 7. Let b be x(4). What is the hundreds digit of (2/(-6))/b - (-928)/6?
1
What is the hundreds digit of (-28)/364 + 42850/26?
6
Let l(k) = -2*k + 9. Let w be l(7). Let x = 7 + w. Suppose -f - 9 = -x*f. What is the units digit of f?
9
What is the tens digit of -1 - (3 - -2) - 77110/(-55)?
9
Suppose 0 = -4*x + 7*x - 33. Suppose 4*t = -w - x, -t - 2 = -3*w + 17. Suppose 5*y = -f - 4*f + 155, 47 = y + w*f. What is the units digit of y?
7
Let u(y) = -y**2 - 5*y + 4. Let g be u(3). Let h be (g/8)/((-2)/4). Suppose -h*l + 61 = -4. What is the units digit of l?
3
Let a = 4 + -2. Suppose -3*t = a*l - 18, l - 2*t - 2 - 7 = 0. Let u = l - -8. What is the units digit of u?
7
Let k(f) = -f + 16. Let o be (-8)/48 + (-49)/(-6). Let t be k(o). What is the units digit of -20*1*(-8)/t?
0
Let q be 20/4 - (1 - -2). Let n be 836/8 - q/(-4). Suppose r + 14 = -4*g + n, g - r - 19 = 0. What is the units digit of g?
2
Suppose -77 + 127 = 5*d. Suppose d*n = 6*n + 104. What 